 4 = 7. Suppose a - 240 = -i*a. Let r(v) = -v**2 + 16*v + 1. Give r(a).
1
Let o = 4386 - 4377. Let l(p) = -p**2 - 6*p + 142. What is l(o)?
7
Let t(a) = 38*a - 236. Suppose 47 - 53 = -q. Let h be t(q). Let m(o) = 8*o - 4 + 2 + o**2 + 0*o**2. Calculate m(h).
-2
Suppose -91 = -8*g - 5*f, -4*g = 188*f - 193*f + 7. Let c(q) = -2*q + 26. Give c(g).
12
Let q be (-8)/(-5) + 24/60. Let b(p) = 0*p**3 - q*p**3 + 2*p**3 + 5*p - p**3 - 9 - 6*p**2. Give b(-7).
5
Let g(j) = -251*j**2 - 15 + 511*j**2 - 261*j**2 + 6*j. Let w(u) = u**2 - 5*u - 170. Let t be w(-11). Calculate g(t).
-15
Let t(q) be the third derivative of -7*q**4/6 + 103*q**3/3 - 2*q**2 - 371. Give t(8).
-18
Let z(v) be the third derivative of -v**6/40 + 17*v**5/60 - 5*v**4/24 + 7*v**3/6 - 1801*v**2. What is z(5)?
32
Let c be 4/3 - (-46)/69. Let g(n) = c*n - 5 - 5 + 2 + 3. What is g(3)?
1
Let n(q) = -4*q**2 + 131*q + 780. Let f be n(38). Let j(u) = -2*u**2 - 34*u + 57. What is j(f)?
21
Let o(a) be the first derivative of 2*a**2 + 744. Give o(1).
4
Suppose -306 + 711 = -113*b - 499. Let r(s) = -5*s**2 + 16*s - 12. Let i(h) = 2*h**2 - 8*h + 6. Let k(l) = -7*i(l) - 3*r(l). Calculate k(b).
-6
Let j(p) = -2 - 2281*p**3 + 3*p - 2284*p**3 - p**2 + 4557*p**3. Determine j(1).
-8
Suppose 2066*s = 2035*s - 279. Let a(g) = 18 - 2 + 2 + g. What is a(s)?
9
Let y(t) = -t**2 + 8*t - 20 + 2*t**2 + 29. Let l be 35*(-4)/(-28) + -11. Determine y(l).
-3
Let t(h) = -h**3 + 6*h**2 - 6*h + 1. Let i(x) be the second derivative of x**4/6 + 5*x**3/3 + 13*x**2/2 + 13*x. Let r be i(-7). Let p = r + -36. Determine t(p).
-4
Let j(p) be the third derivative of -p**5/30 - p**4/3 + 13*p**3/3 - 654*p**2 + 3*p. Give j(-7).
-16
Suppose -g + 11 - 5 = 0. Let q = -3 + g. Let l = q + -2. Let a(i) = 12*i**3 - 2*i**2 + i. Calculate a(l).
11
Let j(a) = 46*a + 7. Let h(g) = -23*g - 3. Let l(q) = 9*h(q) + 4*j(q). Suppose 24*x + 139 - 108 = -7*x. Give l(x).
24
Let b(u) = u + 4. Suppose -4*h - 9 + 29 = 0. Let v be b(h). Suppose -8*m + v*m - 3 = 0. Let s(t) = -t**3 + 3*t**2 - 3*t + 3. Give s(m).
-6
Suppose -5*f - 80 = -25*f. Let y(d) = -f*d - 9 + 12*d + d + d**3 + 8*d**2 - 3*d. Determine y(-7).
-2
Let l(z) = 2*z - 10. Let w(p) = 2*p + p - 22 - 2 + 8 + 0. Let y(n) = -5*l(n) + 3*w(n). Give y(-11).
13
Let c(a) = -2*a**2 - 33*a - 116. Let p(u) = -2*u**2 - 34*u - 126. Let s(b) = -12*c(b) + 11*p(b). Calculate s(0).
6
Let v(j) = j**2 - 8*j + 5. Let w(a) be the second derivative of -a**4/12 - a**3/6 - 3*a**2 + 22*a. Let m be w(4). Let h = m - -34. Determine v(h).
5
Let a(d) = -4*d**3 - 3*d**2 + 6*d - 2. Let v be (11 - 654/60)*10. Give a(v).
-3
Let y be ((-20)/2)/(-25*4/80). Let l(n) = n**3 - 8*n**2 - 4*n - 18. Give l(y).
-50
Let n(b) be the second derivative of 0*b**2 + 3 + 9*b - 3/4*b**4 + 1/6*b**3. Suppose -2*w - 1 = -3*w. Calculate n(w).
-8
Let t(r) = r**2 - 32*r - 2350. Let s be t(67). Let b(q) = -q**2 + 5*q + 48. Determine b(s).
-2
Let q(x) = -x. Let o(w) = w. Let h(m) = 5*o(m) + 4*q(m). Let t be (-247)/(-133) - (-18)/(-21). Let i be t*5*((-459)/45)/17. Determine h(i).
-3
Let f(c) = 2*c**2 + 24*c - 18. Let y(i) = -i**2 - 24*i + 7. Let g(r) = 2*f(r) + 3*y(r). What is g(23)?
-38
Let v(n) = -n**3 - n**2 - 6*n - 319. Let i(a) = -a**3 - a**2 - 7*a - 375. Let k(w) = 6*i(w) - 7*v(w). Suppose p = -3*p. Give k(p).
-17
Let p be ((-4)/(-12))/((-1)/(-9)). Let k = p - -2. Let r(w) = -4*w + 4*w - 202 - 2*w + 206. Give r(k).
-6
Let l(f) = 12 + 3 - 171*f + 158*f + 1 + f**2 - 2. Give l(2).
-8
Let f(y) = -5*y**2 - 2*y - 9. Let k(p) = -9*p**2 - 3*p - 15. Let i(u) = -5*f(u) + 3*k(u). Let z = 139 - 141. Give i(z).
-10
Let q(z) = -z**3 + 1084151*z**2 - 983 - 1084140*z**2 + 13*z + 974. Suppose -4*d + 39 = -3*d. Let u = -27 + d. Give q(u).
3
Suppose 53*w = 13*w - 16360. Let m = -411 - w. Let g(b) = -2*b**2 + 1. Calculate g(m).
-7
Let g = -1198 - -1174. Let t(u) = 93 + 79 - 194 + 2*u - 4*u + u. What is t(g)?
2
Let m(t) = 5*t**2 - 8*t + 18. Let u(d) be the first derivative of -d**3 + d**2/2 + d + 88. Let w(l) = -m(l) - 2*u(l). Determine w(-9).
7
Let q(w) = 6*w**2 - 9*w**2 - 3529303*w**3 + 14*w + 39 + 3529302*w**3. Calculate q(-4).
-1
Let f(q) = -11*q + 5. Suppose 0 = 46*w - 45*w - 1. Let t be f(w). Let g(r) = 2*r**2 + 7*r - 7. What is g(t)?
23
Let o(b) = -b**3 + 4*b**2 + 2*b - 4. Let a(v) = v - 19. Let j be a(5). Let g be (-5)/(4 + j)*8. What is o(g)?
4
Let w(r) be the third derivative of -r**6/120 - 2*r**5/15 - r**4/8 + 9*r**3/2 - 3*r**2 - 6*r. Let k be w(-7). Let j(c) = -13*c**3 + c**2 - 1. Give j(k).
13
Let m(c) = 22*c + 1. Let s be 8 + (-21 - -25) + -13. What is m(s)?
-21
Let q be (-1)/(-1)*(-216)/(-54). Suppose 0 = 5*j - 15 - 60. Let t(n) = -12*n + 3 + q + 15*n - j. Determine t(7).
13
Suppose -z = 5*q + 13, -5 - 4 = -3*z + q. Suppose -13*v + 11*v - 4*x = 6, -3*x = v + z. Let k(b) = -2*b**2 - 4*b - 3. Give k(v).
-33
Let q(u) = -2*u**2 - 31*u - 40. Let f be q(-14). Let g(a) = -6*a**f - a + 6*a + 2*a - 6*a. Give g(-2).
-26
Let u(x) = 4*x**2 - 82*x - 134. Suppose 0 = -489*n + 4420 + 6338. Give u(n).
-2
Let l = 3556 - 3551. Let u(v) = v + 16. Calculate u(l).
21
Let n be 49/(-42) + (-10)/12. Let y(m) = -3*m**2 - 3*m - 12. Let j(g) = 4*g**2 + 4*g + 9. Let p(z) = n*j(z) - 3*y(z). Determine p(0).
18
Let z(m) = -189*m - 176*m - 7 + 362*m + 9 + 9. Give z(-8).
35
Let z(n) = n**2 - 4*n - 6. Let l be -2 + 3 + -4 + 4. Suppose 8 = 3*b + 5*v + l, -v = 4*b + 2. Let y be b/(-5) + (-754)/(-130). Determine z(y).
6
Let l(q) be the third derivative of 0*q**3 + 0 + 0*q + 0*q**5 + 1/360*q**6 - 5/6*q**4 + 4*q**2. Let d(k) be the second derivative of l(k). Calculate d(-3).
-6
Let z(t) = t - 7. Let d(l) = l - 6. Let f(i) = 5*d(i) - 4*z(i). Let h(s) = -s**2 - 5*s - 5. Let g be h(-3). What is f(g)?
-1
Let j(w) = 4*w - 146. Let v be j(38). Let x(g) = g**2 - 5*g - 6. Determine x(v).
0
Let j(m) = -m. Let x be -3 - 35/(-5) - -1. Let y(k) = 10 + k + k**2 - x*k - 3*k - 2*k**2. Let i(l) = 2*j(l) + y(l). What is i(-10)?
0
Let p(j) = -19*j + 158. Let c(a) = 37*a - 325. Let s(g) = 6*c(g) + 13*p(g). Give s(4).
4
Suppose -3*c - 3*p + 8*p = 21, -9 = -3*p. Let x(w) = 2 - 1 - 9*w**2 - 18480*w + 18482*w. Determine x(c).
-39
Let r(i) be the second derivative of -i**3/6 + 8*i**2 - 180*i + 2. What is r(-5)?
21
Let j(g) = -126*g - 85. Let v(d) = -17*d - 12. Let a(o) = 4*j(o) - 30*v(o). Determine a(-4).
-4
Let m(a) = 2*a + 17. Let q be m(-7). Suppose -q = l + 1. Let d be (-10)/(-2) + l + -7. Let w(o) = -5*o - 8. Calculate w(d).
22
Let o(p) = -6*p - 2. Let r be o(-2). Let k be (-22)/(-1) - (-396)/(-36). Let u(d) = -276713 - 10*d + 276704 + k*d**2 - d**3 + 2*d. What is u(r)?
11
Let r(c) = -16*c**2 - 4 + 10*c - 14*c**2 + 10 + 27*c**2. Give r(4).
-2
Let v(o) = -o - 7. Let b(c) = -2*c + 18. Let l(t) = -5*t + 56. Let y(d) = 17*b(d) - 6*l(d). Let k(w) = 9*v(w) - 2*y(w). Give k(-5).
2
Let r(s) = 7*s**2 + 44*s**3 - 43*s**3 + s - 3*s**2 + 0*s**2. Calculate r(-4).
-4
Suppose -278 = 224*m + 170. Let u(p) = 5*p**2 - 4*p - 11. What is u(m)?
17
Suppose -82*r = -95*r + 195. Let p(y) = -3*y**2 - 2*y**2 - 6*y - 10 - y**3 + 20*y - 6*y**2 - r*y. Give p(-11).
1
Let g be 5/175*80 - 4/14. Let y(c) = c - 2. Give y(g).
0
Let y(d) = -2*d**2 - d. Let g(s) = 2*s - 22. Suppose -2*r + 18 = 2*w, 0 = 2*r - r - 3*w - 17. Let t be g(r). Let v = t + -1. Give y(v).
-1
Let z(w) = -w**3 - 12*w**2 + 14*w + 18. Let r be z(-13). Suppose 10*y - 10 = r*y. Let f(l) = -l**3 - 2*l + 2*l + 1 - 4*l - y - 4*l**2. Calculate f(-3).
2
Suppose 40*a - 43*a = -45. Let z(f) = -17*f + f**2 + 62*f - a - 24*f - 30*f. Give z(9).
-15
Let k = -788 - -793. Let s(r) = -r**3 + 7*r**2 - 9*r + 11. Give s(k).
16
Let g(p) = p**3 - 4*p**2 - 5*p + 1. Suppose 326*a - 330*a = 36. Suppose 4*z = -7 + 3. Let h be 2 + (z/(-3))/((-1)/a). What is g(h)?
1
Let u(i) be the first derivative of i**6/120 - i**5/60 + i**4/8 - i**3/6 + i**2 + 56*i + 110. Let m(j) be the second derivative of u(j). Determine m(3).
26
Let f(v) = 4 - 231*v - 200*v + 453*v + v**2. Let r be f(-22). Let m(w) = 3*w. Determine m(r).
12
Let w(i) = -13*i**2 - 44*i + 44. Suppose -288 = -167*j - 121. What is w(j)?
-13
Let d(r) = -r**3 - 10*r**2 - 11*r - 5. Suppose 10*k - 7 - 13 = 0. Let s be 330/(-30) - (0 - k). What is d(s)?
13
Suppose 2*i = 78 - 542. Let t be i/203 + (-2)/(-14). Let r(w) = 15*w**2 + 2*w + 1. Give r(t).
14
Let